st common divisor of 1407 and 1137.
3
What is the highest common divisor of 39 and 1370499?
39
Calculate the greatest common factor of 32 and 42016.
32
What is the highest common factor of 1200 and 12830?
10
What is the highest common factor of 671 and 3421?
11
Calculate the highest common divisor of 84941 and 101.
101
What is the highest common factor of 4148 and 20?
4
What is the greatest common divisor of 277025 and 350?
175
What is the highest common factor of 104 and 68445?
13
What is the greatest common divisor of 370007 and 11?
11
Calculate the highest common divisor of 57 and 151563.
57
Calculate the highest common divisor of 454350 and 390.
390
Calculate the greatest common factor of 2926 and 4123.
133
Calculate the highest common divisor of 397089 and 1386.
693
Calculate the greatest common divisor of 31453 and 497.
71
What is the highest common factor of 289 and 1853?
17
What is the greatest common factor of 15857 and 4553?
157
What is the highest common factor of 2412192 and 96?
96
What is the greatest common factor of 37496 and 3706?
218
What is the highest common factor of 518 and 78218?
518
What is the highest common factor of 60360 and 7560?
120
What is the highest common factor of 13650 and 80150?
350
What is the greatest common divisor of 36 and 1059714?
18
Calculate the greatest common divisor of 73817 and 485.
97
Calculate the highest common factor of 346647 and 2550.
51
What is the greatest common factor of 17013 and 106?
53
What is the highest common divisor of 53635 and 85?
85
Calculate the greatest common factor of 426 and 450.
6
Calculate the highest common factor of 165334 and 1222.
26
What is the greatest common factor of 6 and 74775?
3
Calculate the highest common factor of 94479 and 4620.
231
Calculate the greatest common divisor of 383976 and 8.
8
Calculate the highest common factor of 1171245 and 15.
15
Calculate the greatest common divisor of 329 and 8771.
7
What is the highest common factor of 114 and 12578?
38
What is the highest common divisor of 84 and 9936?
12
Calculate the greatest common divisor of 14248 and 99188.
548
Calculate the greatest common factor of 60 and 30270.
30
What is the greatest common divisor of 1718 and 2861329?
859
Calculate the greatest common divisor of 793 and 67649.
61
Calculate the greatest common divisor of 1800 and 24750.
450
What is the greatest common factor of 5467 and 10579?
71
Calculate the greatest common divisor of 56 and 10088.
8
Calculate the greatest common factor of 2088 and 75.
3
What is the greatest common divisor of 112 and 74228?
28
Calculate the highest common divisor of 203960 and 200.
40
What is the greatest common factor of 2415 and 4620?
105
What is the greatest common factor of 2650 and 115750?
50
Calculate the highest common factor of 5555 and 247753.
1111
Calculate the highest common factor of 8424092 and 188.
188
What is the highest common factor of 1480 and 5994?
74
Calculate the greatest common divisor of 10515 and 5385.
15
What is the greatest common factor of 176 and 100672?
176
What is the greatest common factor of 160 and 424408?
8
Calculate the highest common factor of 70394 and 183.
61
What is the highest common divisor of 490 and 76195?
245
What is the greatest common factor of 670683 and 117?
39
Calculate the greatest common factor of 9801 and 117531.
81
Calculate the highest common divisor of 30651 and 10047.
51
Calculate the greatest common factor of 1279593 and 28.
7
What is the highest common divisor of 176 and 3018224?
176
What is the highest common factor of 466380 and 1620?
180
What is the greatest common factor of 5699 and 1529?
139
What is the highest common divisor of 88 and 84472?
8
Calculate the highest common factor of 11733371 and 377.
377
What is the greatest common divisor of 144 and 41274?
18
Calculate the greatest common factor of 15130 and 12750.
170
Calculate the greatest common factor of 6955 and 2496.
13
Calculate the highest common factor of 52 and 9113.
13
What is the highest common divisor of 8413 and 94?
47
Calculate the greatest common factor of 23771 and 11.
11
Calculate the highest common divisor of 2405 and 4615.
65
What is the greatest common divisor of 604647 and 18?
9
What is the highest common divisor of 345 and 6831?
69
What is the greatest common divisor of 4680650 and 379?
379
Calculate the greatest common divisor of 6109 and 3427.
149
Calculate the greatest common factor of 3000 and 16250.
250
What is the greatest common divisor of 715733 and 163?
163
What is the greatest common divisor of 480 and 104544?
96
Calculate the highest common divisor of 26572 and 3458.
182
Calculate the greatest common divisor of 8 and 1519.
1
Calculate the greatest common factor of 58 and 37584.
58
What is the highest common divisor of 3024 and 30?
6
Calculate the highest common factor of 595 and 54995.
85
Calculate the highest common divisor of 122 and 95099.
61
What is the greatest common factor of 623 and 3916?
89
Calculate the highest common divisor of 4812 and 168.
12
What is the highest common factor of 54452 and 356?
4
Calculate the greatest common factor of 150876 and 99.
99
Calculate the highest common divisor of 33 and 1230064.
11
What is the greatest common divisor of 284626 and 3050?
122
What is the greatest common factor of 1064 and 3368?
8
Calculate the highest common divisor of 18280 and 7769.
457
Calculate the greatest common factor of 1532 and 458834.
766
What is the greatest common factor of 23500 and 1630?
10
Calculate the highest common divisor of 314 and 62.
2
What is the highest common factor of 348 and 114144?
348
Calculate the greatest common factor of 5292 and 1960.
196
What is the highest common divisor of 24 and 2904?
24
Calculate the greatest common divisor of 63 and 6951.
21
Calculate the greatest common factor of 620 and 316510.
310
What is the highest common factor of 22 and 3746?
2
Calculate the greatest common factor of 127 and 26924.
127
What is the highest common divisor of 1155 and 57585?
165
What is the highest common factor of 25494 and 1260?
42
Calculate the highest common divisor of 400 and 13908.
4
What is the highest common divisor of 544491 and 2727?
909
Calculate the highest common divisor of 126928 and 76.
4
Calculate the greatest common divisor of 3394592 and 344.
344
Calculate the greatest common factor of 27 and 5097.
3
Calculate the highest common divisor of 1560 and 78240.
120
Calculate the greatest common factor of 7475 and 12489.
23
What is the greatest common factor of 315117 and 891?
297
What is the greatest common divisor of 7969 and 65?
13
Calculate the greatest common factor of 21723 and 234.
39
Calculate the greatest common divisor of 61711 and 11609.
611
Calculate the greatest common divisor of 96677 and 402492.
1973
What is the highest common divisor of 4605 and 255?
15
Calculate the greatest common divisor of 4522 and 652.
2
Calculate the greatest common factor of 56 and 11.
1
What is the greatest common divisor of 27920 and 80?
80
What is the greatest common divisor of 60 and 132640?
20
Calculate the greatest common divisor of 14130 and 9120.
30
Calculate the greatest common divisor of 95846 and 51.
17
What is the highest common factor of 3215 and 27006?
643
Calculate the highest common factor of 299 and 812981.
299
What is the highest common factor of 117 and 101166?
39
Calculate the greatest common factor of 17301 and 10293.
219
Calculate the highest common factor of 198 and 1638.
18
What is the greatest common factor of 281514 and 6?
6
Calculate the greatest common divisor of 2112 and 7040.
704
What is the greatest common factor of 90 and 1157710?
10
Calculate the highest common divisor of 15007 and 43.
43
What is the highest common factor of 180 and 265080?
60
What is the greatest common factor of 1580 and 1171570?
790
What is the greatest common factor of 953125 and 3050?
1525
What is the highest common factor of 39610 and 340?
170
Calculate the greatest common factor of 7229722 and 1226.
1226
What is the highest common divisor of 8810 and 70?
10
Calculate the highest common divisor of 2047 and 23051.
89
Calculate the highest common divisor of 161 and 442106.
161
Calculate the highest common divisor of 3383 and 204.
17
Calculate the greatest common divisor of